{"id":1160,"date":"2016-10-04T18:48:32","date_gmt":"2016-10-04T18:48:32","guid":{"rendered":"https:\/\/musicasacra.ch\/?page_id=1160"},"modified":"2026-04-06T06:20:15","modified_gmt":"2026-04-06T06:20:15","slug":"startseite","status":"publish","type":"page","link":"https:\/\/musicasacra.ch\/","title":{"rendered":"Home"},"content":{"rendered":"<p>[et_pb_section fb_built=&#8220;1&#8243; custom_padding_last_edited=&#8220;on|desktop&#8220; admin_label=&#8220;Sektion&#8220; _builder_version=&#8220;4.16&#8243; background_color=&#8220;#ffffff&#8220; background_image=&#8220;https:\/\/musicasacra.ch\/wp-content\/uploads\/2016\/10\/Hintergrund_01_bearbeitet.jpg&#8220; parallax=&#8220;on&#8220; parallax_method=&#8220;off&#8220; custom_padding=&#8220;180px||180px|&#8220; custom_padding_tablet=&#8220;50px|0|50px|0&#8243; custom_padding_phone=&#8220;50px|0|50px|0&#8243; transparent_background=&#8220;off&#8220; padding_mobile=&#8220;off&#8220; make_fullwidth=&#8220;off&#8220; use_custom_width=&#8220;off&#8220; width_unit=&#8220;on&#8220; global_colors_info=&#8220;{}&#8220;][et_pb_row padding_mobile=&#8220;off&#8220; column_padding_mobile=&#8220;on&#8220; admin_label=&#8220;Zeile&#8220; _builder_version=&#8220;4.16&#8243; background_size=&#8220;initial&#8220; background_position=&#8220;top_left&#8220; background_repeat=&#8220;repeat&#8220; custom_padding=&#8220;0px||50px|&#8220; make_fullwidth=&#8220;off&#8220; use_custom_width=&#8220;off&#8220; width_unit=&#8220;on&#8220; global_colors_info=&#8220;{}&#8220;][et_pb_column type=&#8220;4_4&#8243; _builder_version=&#8220;4.16&#8243; custom_padding=&#8220;|||&#8220; global_colors_info=&#8220;{}&#8220; custom_padding__hover=&#8220;|||&#8220;][et_pb_blurb title=&#8220;Ausblick: Zwei besondere Konzerte erwarten Sie!&#8220; image_icon_width=&#8220;none&#8220; disabled_on=&#8220;on|on|on&#8220; admin_label=&#8220;Ausblick&#8220; _builder_version=&#8220;4.18.0&#8243; header_level=&#8220;h3&#8243; header_font=&#8220;Amiko|700|||||||&#8220; header_text_color=&#8220;#ffffff&#8220; header_font_size=&#8220;40&#8243; body_font=&#8220;Amiko||||||||&#8220; body_text_color=&#8220;#ffffff&#8220; body_font_size=&#8220;22&#8243; background_size=&#8220;initial&#8220; background_position=&#8220;top_left&#8220; background_repeat=&#8220;repeat&#8220; text_orientation=&#8220;center&#8220; header_font_size_tablet=&#8220;&#8220; header_font_size_phone=&#8220;32&#8243; header_font_size_last_edited=&#8220;on|desktop&#8220; use_border_color=&#8220;off&#8220; border_color=&#8220;#ffffff&#8220; border_style=&#8220;solid&#8220; image_max_width=&#8220;none&#8220; icon_font_size=&#8220;105px&#8220; use_circle=&#8220;off&#8220; use_circle_border=&#8220;off&#8220; circle_border_color=&#8220;#99ccff&#8220; circle_color=&#8220;#99ccff&#8220; disabled=&#8220;on&#8220; locked=&#8220;off&#8220; global_colors_info=&#8220;{}&#8220;]<\/p>\n<p>Das neue Jahr bringt musikalische Highlights, auf die wir uns besonders freuen d\u00fcrfen.<\/p>\n<p>[\/et_pb_blurb][et_pb_blurb title=&#8220;10.05.2026: The Pint&#8220; image_icon_width=&#8220;none&#8220; disabled_on=&#8220;on|on|on&#8220; admin_label=&#8220;Konzert 1: Datum und Details&#8220; _builder_version=&#8220;4.18.0&#8243; header_level=&#8220;h1&#8243; header_font=&#8220;Amiko||||||||&#8220; header_text_color=&#8220;#ffffff&#8220; header_font_size=&#8220;40&#8243; body_font=&#8220;Amiko||||||||&#8220; body_text_color=&#8220;#ffffff&#8220; background_size=&#8220;initial&#8220; background_position=&#8220;top_left&#8220; background_repeat=&#8220;repeat&#8220; text_orientation=&#8220;center&#8220; header_font_size_tablet=&#8220;&#8220; header_font_size_phone=&#8220;32&#8243; header_font_size_last_edited=&#8220;on|desktop&#8220; use_border_color=&#8220;off&#8220; border_color=&#8220;#ffffff&#8220; border_style=&#8220;solid&#8220; image_max_width=&#8220;none&#8220; icon_font_size=&#8220;105px&#8220; use_circle=&#8220;off&#8220; use_circle_border=&#8220;off&#8220; circle_border_color=&#8220;#99ccff&#8220; circle_color=&#8220;#99ccff&#8220; disabled=&#8220;on&#8220; global_colors_info=&#8220;{}&#8220;][\/et_pb_blurb][et_pb_blurb title=&#8220;26.10.2025: Albin Brun und Kristina Brunner&#8220; image_icon_width=&#8220;none&#8220; disabled_on=&#8220;on|on|on&#8220; admin_label=&#8220;Konzert 2: Datum und Details&#8220; _builder_version=&#8220;4.18.0&#8243; header_level=&#8220;h1&#8243; header_font=&#8220;Amiko||||||||&#8220; header_text_color=&#8220;#ffffff&#8220; header_font_size=&#8220;40&#8243; body_font=&#8220;Amiko||||||||&#8220; body_text_color=&#8220;#ffffff&#8220; background_size=&#8220;initial&#8220; background_position=&#8220;top_left&#8220; background_repeat=&#8220;repeat&#8220; text_orientation=&#8220;center&#8220; header_font_size_tablet=&#8220;&#8220; header_font_size_phone=&#8220;32&#8243; header_font_size_last_edited=&#8220;on|desktop&#8220; use_border_color=&#8220;off&#8220; border_color=&#8220;#ffffff&#8220; border_style=&#8220;solid&#8220; image_max_width=&#8220;none&#8220; icon_font_size=&#8220;105px&#8220; use_circle=&#8220;off&#8220; use_circle_border=&#8220;off&#8220; circle_border_color=&#8220;#99ccff&#8220; circle_color=&#8220;#99ccff&#8220; disabled=&#8220;on&#8220; global_colors_info=&#8220;{}&#8220;]<\/p>\n<p>Tauchen Sie ein in die Welt der zeitgen\u00f6ssischen Volksmusik! Das Duo Albin Brun und Kristina Brunner verbindet Tradition mit frischen, innovativen Kl\u00e4ngen. Ein Konzert, das Volksmusik neu definiert und mitreisst.<\/p>\n<p>[\/et_pb_blurb][et_pb_blurb title=&#8220;The Pint&#8220; url=&#8220;https:\/\/pint.ch\/&#8220; image_icon_width=&#8220;none&#8220; disabled_on=&#8220;off|off|off&#8220; admin_label=&#8220;Konzert Info&#8220; _builder_version=&#8220;4.18.0&#8243; header_font=&#8220;Times New Roman|on|||&#8220; header_text_color=&#8220;#ffffff&#8220; header_font_size=&#8220;40&#8243; body_font=&#8220;Times New Roman||||&#8220; body_text_color=&#8220;#ffffff&#8220; body_font_size=&#8220;22&#8243; background_size=&#8220;initial&#8220; background_position=&#8220;top_left&#8220; background_repeat=&#8220;repeat&#8220; text_orientation=&#8220;center&#8220; header_font_size_tablet=&#8220;&#8220; header_font_size_phone=&#8220;32&#8243; header_font_size_last_edited=&#8220;on|desktop&#8220; use_border_color=&#8220;off&#8220; border_color=&#8220;#ffffff&#8220; border_style=&#8220;solid&#8220; image_max_width=&#8220;none&#8220; icon_font_size=&#8220;105px&#8220; use_circle=&#8220;off&#8220; use_circle_border=&#8220;off&#8220; circle_border_color=&#8220;#99ccff&#8220; circle_color=&#8220;#99ccff&#8220; global_colors_info=&#8220;{}&#8220;]<\/p>\n<p><strong>IRISH RHYTM &#8218;N&#8216; FOLK<\/strong><\/p>\n<p>Eine Band mit Schweizer Wurzeln und irischem Temperament.<\/p>\n<p>Die f\u00fcnf Musiker von THE PINT bedienen sich am riesigen musikalischen Fundus Irlands, Schottlands, der Bretagne und weiteren keltischen Weltgegenden. Sie vermischen das Ganze spielerisch mit selbstkomponierten Songs und Tunes.<\/p>\n<p>[\/et_pb_blurb][et_pb_blurb title=&#8220;Sonntag, 10. Mai 2026 &#8211; 19:00 Uhr&#8220; image_icon_width=&#8220;none&#8220; disabled_on=&#8220;off|off|off&#8220; admin_label=&#8220;Konzert Datum&#8220; _builder_version=&#8220;4.18.0&#8243; header_font=&#8220;Arial|on|||&#8220; header_text_color=&#8220;#ffffff&#8220; header_font_size=&#8220;24&#8243; background_size=&#8220;initial&#8220; background_position=&#8220;top_left&#8220; background_repeat=&#8220;repeat&#8220; text_orientation=&#8220;center&#8220; header_font_size_tablet=&#8220;&#8220; header_font_size_phone=&#8220;17&#8243; header_font_size_last_edited=&#8220;on|phone&#8220; use_border_color=&#8220;off&#8220; border_color=&#8220;#ffffff&#8220; border_style=&#8220;solid&#8220; image_max_width=&#8220;none&#8220; use_circle=&#8220;off&#8220; use_circle_border=&#8220;off&#8220; circle_border_color=&#8220;#99ccff&#8220; circle_color=&#8220;#99ccff&#8220; global_colors_info=&#8220;{}&#8220;][\/et_pb_blurb][et_pb_button button_url=&#8220;https:\/\/musicasacra.ch\/wp-content\/uploads\/2026\/04\/2026.05_Programm-innen.pdf&#8220; url_new_window=&#8220;on&#8220; button_text=&#8220;Konzertprogramm&#8220; button_alignment=&#8220;center&#8220; disabled_on=&#8220;off|off|off&#8220; admin_label=&#8220;Konzert Programm&#8220; _builder_version=&#8220;4.18.0&#8243; custom_button=&#8220;on&#8220; button_text_color=&#8220;#ffffff&#8220; button_bg_color=&#8220;rgba(0,0,0,0.5)&#8220; button_border_color=&#8220;#ffffff&#8220; button_icon_color=&#8220;#ffffff&#8220; button_letter_spacing_hover=&#8220;0&#8243; global_colors_info=&#8220;{}&#8220; button_text_size__hover_enabled=&#8220;off&#8220; button_one_text_size__hover_enabled=&#8220;off&#8220; button_two_text_size__hover_enabled=&#8220;off&#8220; button_text_color__hover_enabled=&#8220;off&#8220; button_one_text_color__hover_enabled=&#8220;off&#8220; button_two_text_color__hover_enabled=&#8220;off&#8220; button_border_width__hover_enabled=&#8220;off&#8220; button_one_border_width__hover_enabled=&#8220;off&#8220; button_two_border_width__hover_enabled=&#8220;off&#8220; button_border_color__hover_enabled=&#8220;off&#8220; button_one_border_color__hover_enabled=&#8220;off&#8220; button_two_border_color__hover_enabled=&#8220;off&#8220; button_border_radius__hover_enabled=&#8220;off&#8220; button_one_border_radius__hover_enabled=&#8220;off&#8220; button_two_border_radius__hover_enabled=&#8220;off&#8220; button_letter_spacing__hover_enabled=&#8220;on&#8220; button_letter_spacing__hover=&#8220;0&#8243; button_one_letter_spacing__hover_enabled=&#8220;off&#8220; button_two_letter_spacing__hover_enabled=&#8220;off&#8220; button_bg_color__hover_enabled=&#8220;off&#8220; button_one_bg_color__hover_enabled=&#8220;off&#8220; button_two_bg_color__hover_enabled=&#8220;off&#8220;] [\/et_pb_button][et_pb_video src=&#8220;https:\/\/www.youtube.com\/watch?v=ZSy9X_GRNMo&#8220; disabled_on=&#8220;off|off|off&#8220; admin_label=&#8220;Hinweis auf ein YouTube Video &#8211; Konzert&#8220; _builder_version=&#8220;4.18.0&#8243; _module_preset=&#8220;default&#8220; global_colors_info=&#8220;{}&#8220;][\/et_pb_video][et_pb_image src=&#8220;https:\/\/musicasacra.ch\/wp-content\/uploads\/2026\/04\/2026.05.The-Pint_Bandfoto_5_web.jpg&#8220; title_text=&#8220;2026.05.The Pint_Bandfoto_5_web&#8220; _builder_version=&#8220;4.18.0&#8243; _module_preset=&#8220;default&#8220; global_colors_info=&#8220;{}&#8220;][\/et_pb_image][et_pb_video src=&#8220;https:\/\/musicasacra.ch\/wp-content\/uploads\/2024\/04\/Logo_Threway_Pos.png&#8220; disabled_on=&#8220;on|on|on&#8220; admin_label=&#8220;Foto&#8220; _builder_version=&#8220;4.18.0&#8243; _module_preset=&#8220;default&#8220; disabled=&#8220;on&#8220; global_colors_info=&#8220;{}&#8220;][\/et_pb_video][et_pb_button button_url=&#8220;https:\/\/musicasacra.ch\/wp-content\/uploads\/2026\/04\/2026.05_Programm-aussen.pdf&#8220; url_new_window=&#8220;on&#8220; button_text=&#8220;Konzertinformation&#8220; button_alignment=&#8220;center&#8220; disabled_on=&#8220;off|off|off&#8220; admin_label=&#8220;Konzert Informationen&#8220; _builder_version=&#8220;4.18.0&#8243; custom_button=&#8220;on&#8220; button_text_color=&#8220;#ffffff&#8220; button_bg_color=&#8220;rgba(0,0,0,0.5)&#8220; button_border_color=&#8220;#ffffff&#8220; button_icon_color=&#8220;#ffffff&#8220; button_letter_spacing_hover=&#8220;0&#8243; global_colors_info=&#8220;{}&#8220; button_text_size__hover_enabled=&#8220;off&#8220; button_one_text_size__hover_enabled=&#8220;off&#8220; button_two_text_size__hover_enabled=&#8220;off&#8220; button_text_color__hover_enabled=&#8220;off&#8220; button_one_text_color__hover_enabled=&#8220;off&#8220; button_two_text_color__hover_enabled=&#8220;off&#8220; button_border_width__hover_enabled=&#8220;off&#8220; button_one_border_width__hover_enabled=&#8220;off&#8220; button_two_border_width__hover_enabled=&#8220;off&#8220; button_border_color__hover_enabled=&#8220;off&#8220; button_one_border_color__hover_enabled=&#8220;off&#8220; button_two_border_color__hover_enabled=&#8220;off&#8220; button_border_radius__hover_enabled=&#8220;off&#8220; button_one_border_radius__hover_enabled=&#8220;off&#8220; button_two_border_radius__hover_enabled=&#8220;off&#8220; button_letter_spacing__hover_enabled=&#8220;on&#8220; button_letter_spacing__hover=&#8220;0&#8243; button_one_letter_spacing__hover_enabled=&#8220;off&#8220; button_two_letter_spacing__hover_enabled=&#8220;off&#8220; button_bg_color__hover_enabled=&#8220;off&#8220; button_one_bg_color__hover_enabled=&#8220;off&#8220; button_two_bg_color__hover_enabled=&#8220;off&#8220;] [\/et_pb_button][\/et_pb_column][\/et_pb_row][\/et_pb_section]<\/p>\n","protected":false},"excerpt":{"rendered":"<p>Das neue Jahr bringt musikalische Highlights, auf die wir uns besonders freuen d\u00fcrfen.Tauchen Sie ein in die Welt der zeitgen\u00f6ssischen Volksmusik! Das Duo Albin Brun und Kristina Brunner verbindet Tradition mit frischen, innovativen Kl\u00e4ngen. Ein Konzert, das Volksmusik neu definiert und mitreisst.IRISH RHYTM &#8218;N&#8216; FOLK Eine Band mit Schweizer Wurzeln und irischem Temperament. Die f\u00fcnf [&hellip;]<\/p>\n","protected":false},"author":1,"featured_media":0,"parent":0,"menu_order":0,"comment_status":"closed","ping_status":"closed","template":"","meta":{"_et_pb_use_builder":"on","_et_pb_old_content":"","_et_gb_content_width":""},"_links":{"self":[{"href":"https:\/\/musicasacra.ch\/index.php?rest_route=\/wp\/v2\/pages\/1160"}],"collection":[{"href":"https:\/\/musicasacra.ch\/index.php?rest_route=\/wp\/v2\/pages"}],"about":[{"href":"https:\/\/musicasacra.ch\/index.php?rest_route=\/wp\/v2\/types\/page"}],"author":[{"embeddable":true,"href":"https:\/\/musicasacra.ch\/index.php?rest_route=\/wp\/v2\/users\/1"}],"replies":[{"embeddable":true,"href":"https:\/\/musicasacra.ch\/index.php?rest_route=%2Fwp%2Fv2%2Fcomments&post=1160"}],"version-history":[{"count":352,"href":"https:\/\/musicasacra.ch\/index.php?rest_route=\/wp\/v2\/pages\/1160\/revisions"}],"predecessor-version":[{"id":2681,"href":"https:\/\/musicasacra.ch\/index.php?rest_route=\/wp\/v2\/pages\/1160\/revisions\/2681"}],"wp:attachment":[{"href":"https:\/\/musicasacra.ch\/index.php?rest_route=%2Fwp%2Fv2%2Fmedia&parent=1160"}],"curies":[{"name":"wp","href":"https:\/\/api.w.org\/{rel}","templated":true}]}}